{"id":173,"date":"2020-01-29T22:01:05","date_gmt":"2020-01-29T21:01:05","guid":{"rendered":"http:\/\/paroisseslensjurbise.be\/?page_id=173"},"modified":"2021-06-10T20:33:36","modified_gmt":"2021-06-10T18:33:36","slug":"secretariat-paroissial","status":"publish","type":"page","link":"https:\/\/paroisseslensjurbise.be\/index.php\/qui-fait-quoi\/secretariat-paroissial\/","title":{"rendered":"Secr\u00e9tariat paroissial"},"content":{"rendered":"\n<h4 class=\"wp-block-heading\">Permanence<\/h4>\n\n\n\n<p>Permanences uniquement par t\u00e9l\u00e9phone : les vendredis de 9h \u00e0 12h.<br><\/p>\n\n\n\n<h4 class=\"wp-block-heading\">Coordonn\u00e9es<\/h4>\n\n\n\n<p>Rue de l&#8217;Eglise, 20<br>7870 Lens<br>T\u00e9l. : 065\/56 53 05 <br>E-mail\u00a0:\u00a0centrepastoralvicairielens[at]gmail.com<\/p>\n\n\n\n<p><br>Pour tous vos dons : Secteur paroissial Lens <br>IBAN : BE04 7326 7102 4631 <br>BIC : CREGBEBB <br>avec la mention \u00ab don \u00bb<br>Merci de votre g\u00e9n\u00e9rosit\u00e9  <\/p>\n\n\n\n<h4 class=\"wp-block-heading\">En cas d&#8217;urgence<\/h4>\n\n\n\n<p>Contacter :<\/p>\n\n\n\n<ul><li>notre cur\u00e9 au 0466\/ 46 45 34  <\/li><li>Fran\u00e7oise Stas au 0477\/39 74 68 ou au 065\/36 51 83<\/li><\/ul>\n","protected":false},"excerpt":{"rendered":"<p>Permanence Permanences uniquement par t\u00e9l\u00e9phone : les vendredis de 9h \u00e0 12h. Coordonn\u00e9es Rue de l&#8217;Eglise, 207870 LensT\u00e9l. : 065\/56 53 05 E-mail\u00a0:\u00a0centrepastoralvicairielens[at]gmail.com Pour tous vos dons : Secteur paroissial Lens IBAN : BE04 7326 7102 4631 BIC : CREGBEBB avec la mention \u00ab don \u00bbMerci de votre g\u00e9n\u00e9rosit\u00e9 En cas d&#8217;urgence Contacter : notre &hellip; <\/p>\n","protected":false},"author":1,"featured_media":0,"parent":54,"menu_order":0,"comment_status":"closed","ping_status":"closed","template":"","meta":[],"_links":{"self":[{"href":"https:\/\/paroisseslensjurbise.be\/index.php\/wp-json\/wp\/v2\/pages\/173"}],"collection":[{"href":"https:\/\/paroisseslensjurbise.be\/index.php\/wp-json\/wp\/v2\/pages"}],"about":[{"href":"https:\/\/paroisseslensjurbise.be\/index.php\/wp-json\/wp\/v2\/types\/page"}],"author":[{"embeddable":true,"href":"https:\/\/paroisseslensjurbise.be\/index.php\/wp-json\/wp\/v2\/users\/1"}],"replies":[{"embeddable":true,"href":"https:\/\/paroisseslensjurbise.be\/index.php\/wp-json\/wp\/v2\/comments?post=173"}],"version-history":[{"count":9,"href":"https:\/\/paroisseslensjurbise.be\/index.php\/wp-json\/wp\/v2\/pages\/173\/revisions"}],"predecessor-version":[{"id":727,"href":"https:\/\/paroisseslensjurbise.be\/index.php\/wp-json\/wp\/v2\/pages\/173\/revisions\/727"}],"up":[{"embeddable":true,"href":"https:\/\/paroisseslensjurbise.be\/index.php\/wp-json\/wp\/v2\/pages\/54"}],"wp:attachment":[{"href":"https:\/\/paroisseslensjurbise.be\/index.php\/wp-json\/wp\/v2\/media?parent=173"}],"curies":[{"name":"wp","href":"https:\/\/api.w.org\/{rel}","templated":true}]}}