{"id":54,"date":"2020-01-29T21:35:51","date_gmt":"2020-01-29T20:35:51","guid":{"rendered":"http:\/\/paroisseslensjurbise.be\/?page_id=54"},"modified":"2023-01-19T19:36:29","modified_gmt":"2023-01-19T18:36:29","slug":"qui-fait-quoi","status":"publish","type":"page","link":"https:\/\/paroisseslensjurbise.be\/index.php\/qui-fait-quoi\/","title":{"rendered":"Salles paroissiales"},"content":{"rendered":"\n<div class=\"wp-block-columns has-3-columns is-layout-flex wp-container-4\">\n<div class=\"wp-block-column is-layout-flow\">\n<h4 class=\"wp-block-heading\">Lens<\/h4>\n\n\n\n<p>Salle Del\u00e9cluse, Rue Fontaine \u00e0 Regrets, 7870 Lens <\/p>\n\n\n\n<p>Cercle Saint-Martin, Rue Fontaine \u00e0 Regrets, 7870 Lens<\/p>\n\n\n\n<p><strong>Contacts<\/strong><\/p>\n\n\n\n<ul><li>Mme Josette L\u00e9t\u00e9<ul><li>Rue du Thy, 25<\/li><li>7870 Lens<\/li><li>065\/22 71 81&nbsp;&nbsp; <\/li><\/ul><\/li><\/ul>\n\n\n\n<ul><li>Mme Marie-Louise Dubois<ul><li>Rue Hardy, 2<\/li><li>7870 Lens<\/li><li>065\/22 98 42&nbsp;&nbsp;&nbsp;&nbsp;&nbsp;&nbsp;&nbsp;&nbsp;&nbsp;&nbsp;&nbsp;&nbsp;&nbsp;&nbsp;&nbsp;&nbsp;&nbsp;&nbsp;&nbsp;<\/li><\/ul><\/li><\/ul>\n<\/div>\n\n\n\n<div class=\"wp-block-column is-layout-flow\">\n<h4 class=\"wp-block-heading\">Jurbise<\/h4>\n\n\n\n<p>Salle&nbsp;&#8220;Jean&nbsp;Lefranc&#8221;, Rue des Anglais, 13bis, 7050 Jurbise<\/p>\n\n\n\n<p><strong>Contact<\/strong><\/p>\n\n\n\n<ul><li>M. Marie-Christine Mailleux<ul><li>0492\/56 06 11<\/li><\/ul><\/li><\/ul>\n\n\n\n<h4 class=\"wp-block-heading\">Herchies&nbsp;<\/h4>\n\n\n\n<p>Cercle Familia, Rue Docteur Fontaine 14&nbsp;,&nbsp;7050&nbsp;Herchies <\/p>\n\n\n\n<p><strong>Contact<\/strong><\/p>\n\n\n\n<ul><li>M. Raymond Mercier<ul><li>Rue Docteur Fontaine<\/li><li>7050 Herchies<\/li><li>065\/22 56 64<\/li><\/ul><\/li><\/ul>\n\n\n\n<p><\/p>\n<\/div>\n\n\n\n<div class=\"wp-block-column is-layout-flow\">\n<h4 class=\"wp-block-heading\">Montignies-lez-Lens<\/h4>\n\n\n\n<p>Salle du Patronage<\/p>\n\n\n\n<p><strong>Contacts<\/strong><\/p>\n\n\n\n<ul><li>M. Jean-Pierre Duquesne<ul><li>Rue Long Pont, 35<\/li><li>7870 Montignies-lez-Lens<\/li><li> 065\/ 22 56 90 <\/li><\/ul><\/li><li>M. Serge Dewasmes<ul><li> rue du Quesniau, 1<\/li><li>7870 Montignies-lez-Lens<\/li><li>065\/22 95 39<\/li><\/ul><\/li><\/ul>\n<\/div>\n<\/div>\n","protected":false},"excerpt":{"rendered":"<p>Lens Salle Del\u00e9cluse, Rue Fontaine \u00e0 Regrets, 7870 Lens Cercle Saint-Martin, Rue Fontaine \u00e0 Regrets, 7870 Lens Contacts Mme Josette L\u00e9t\u00e9 Rue du Thy, 25 7870 Lens 065\/22 71 81&nbsp;&nbsp; Mme Marie-Louise Dubois Rue Hardy, 2 7870 Lens 065\/22 98 42&nbsp;&nbsp;&nbsp;&nbsp;&nbsp;&nbsp;&nbsp;&nbsp;&nbsp;&nbsp;&nbsp;&nbsp;&nbsp;&nbsp;&nbsp;&nbsp;&nbsp;&nbsp;&nbsp; Jurbise Salle&nbsp;&#8220;Jean&nbsp;Lefranc&#8221;, Rue des Anglais, 13bis, 7050 Jurbise Contact M. Marie-Christine Mailleux 0492\/56 06 &hellip; <\/p>\n","protected":false},"author":1,"featured_media":0,"parent":0,"menu_order":0,"comment_status":"closed","ping_status":"closed","template":"","meta":[],"_links":{"self":[{"href":"https:\/\/paroisseslensjurbise.be\/index.php\/wp-json\/wp\/v2\/pages\/54"}],"collection":[{"href":"https:\/\/paroisseslensjurbise.be\/index.php\/wp-json\/wp\/v2\/pages"}],"about":[{"href":"https:\/\/paroisseslensjurbise.be\/index.php\/wp-json\/wp\/v2\/types\/page"}],"author":[{"embeddable":true,"href":"https:\/\/paroisseslensjurbise.be\/index.php\/wp-json\/wp\/v2\/users\/1"}],"replies":[{"embeddable":true,"href":"https:\/\/paroisseslensjurbise.be\/index.php\/wp-json\/wp\/v2\/comments?post=54"}],"version-history":[{"count":12,"href":"https:\/\/paroisseslensjurbise.be\/index.php\/wp-json\/wp\/v2\/pages\/54\/revisions"}],"predecessor-version":[{"id":928,"href":"https:\/\/paroisseslensjurbise.be\/index.php\/wp-json\/wp\/v2\/pages\/54\/revisions\/928"}],"wp:attachment":[{"href":"https:\/\/paroisseslensjurbise.be\/index.php\/wp-json\/wp\/v2\/media?parent=54"}],"curies":[{"name":"wp","href":"https:\/\/api.w.org\/{rel}","templated":true}]}}